9?
807
In base 8, what is 22347 + -4?
22343
In base 5, what is -2 - 330?
-332
In base 3, what is -120 - -12210120?
12210000
In base 3, what is -102020000001 - -10?
-102012222221
In base 6, what is -2 - 140143?
-140145
In base 5, what is 10243231 + -2?
10243224
In base 14, what is 2 + -25cb?
-25c9
In base 3, what is -111121100211 - 11?
-111121100222
In base 9, what is 0 - 63047?
-63047
In base 16, what is -206 - -29b2?
27ac
In base 16, what is b4 - 1c?
98
In base 16, what is -61 + -6f?
-d0
In base 11, what is 0 + 971906?
971906
In base 3, what is -21210220 - -101?
-21210112
In base 16, what is -13f8ba + 5?
-13f8b5
In base 14, what is -2 - -3b26?
3b24
In base 9, what is 287 - 7171?
-6773
In base 6, what is 1 + 1440?
1441
In base 6, what is 22 - 315545?
-315523
In base 3, what is 110002 - 11110?
21122
In base 13, what is -3 - -2a7997?
2a7994
In base 12, what is 2 - -700?
702
In base 2, what is 11100001110010001 - 100000?
11100001101110001
In base 2, what is 1111001011 - 11011100111?
-1100011100
In base 16, what is -2d9 + -3e?
-317
In base 12, what is -b + 2433a?
2432b
In base 14, what is -84c + -53?
-8a1
In base 6, what is -352041 + 0?
-352041
In base 6, what is -1525 - -1422?
-103
In base 3, what is -120212 - -1021222?
201010
In base 15, what is -d + -1bc87?
-1bc95
In base 14, what is -5b8b - 7?
-5b94
In base 14, what is -c93cc + 5?
-c93c7
In base 14, what is -20 + -7191?
-71b1
In base 2, what is 101011000110011 - 10010?
101011000100001
In base 11, what is -3 - -827640?
827638
In base 7, what is 3 - 111314?
-111311
In base 4, what is -1 + 10133103?
10133102
In base 6, what is -215 - -13441?
13222
In base 5, what is -323002 + -1344?
-324401
In base 16, what is -146b4 - 6?
-146ba
In base 7, what is -5344 + -5?
-5352
In base 12, what is -76 - 4446?
-4500
In base 10, what is -10056 - 0?
-10056
In base 6, what is 204 - -4430?
5034
In base 10, what is 2834 - 21?
2813
In base 16, what is 2 - c777?
-c775
In base 6, what is 1140 + -252?
444
In base 12, what is -a01 + 3?
-9ba
In base 13, what is 4391 + b?
439c
In base 2, what is -1011011010 + 1010001001?
-1010001
In base 10, what is 176 - 424?
-248
In base 14, what is -5 - 37b207?
-37b20c
In base 4, what is -1000220 + -20?
-1000300
In base 4, what is 320 - -202012?
202332
In base 14, what is -24 - 87cd?
-8813
In base 4, what is -12 - -113202?
113130
In base 7, what is 2 + -10422344?
-10422342
In base 8, what is 231403 - 5?
231376
In base 5, what is -142311 - -2234?
-140022
In base 16, what is 5d - 79b?
-73e
In base 16, what is -4 + -4597?
-459b
In base 4, what is 11 + 32113313?
32113330
In base 6, what is 24300 + -22?
24234
In base 11, what is -136a - 1?
-1370
In base 8, what is -274 - 1573?
-2067
In base 15, what is 1b43 + 7?
1b4a
In base 12, what is 197 - -2912?
2aa9
In base 5, what is -221412 - 4?
-221421
In base 16, what is -5aa2 + -b?
-5aad
In base 2, what is -1 + 1011110001000?
1011110000111
In base 6, what is -402 - 32?
-434
In base 10, what is -5 - 6332?
-6337
In base 14, what is a + 31d?
329
In base 15, what is -3c4 + -28?
-3ec
In base 14, what is -1191b4 - 1?
-1191b5
In base 3, what is 121121101 + -2?
121121022
In base 9, what is -3 - 12447?
-12451
In base 7, what is -110 - -15242?
15132
In base 16, what is d + a76?
a83
In base 15, what is 477 + 1827?
1c9e
In base 14, what is -29d + -ca6?
-1165
In base 9, what is 36 + 4283?
4330
In base 12, what is -5455b - 1?
-54560
In base 7, what is 563505 + -33?
563442
In base 8, what is -1 - 2671?
-2672
In base 3, what is 12 - -101001212100?
101001212112
In base 10, what is -129370 + -7?
-129377
In base 3, what is -1210 - -2102122?
2100212
In base 6, what is -20144 + -2?
-20150
In base 2, what is -101010100100100010 - -101?
-101010100100011101
In base 6, what is 13 - -110030?
110043
In base 13, what is 17 - -3bc?
406
In base 10, what is -14 + 24055?
24041
In base 4, what is 10200 + 23010?
33210
In base 15, what is -9 - -30de1?
30dd7
In base 12, what is -1 + 97347?
97346
In base 9, what is 88 + 84880?
85078
In base 3, what is -1 + -12222202?
-12222210
In base 2, what is -1011101000100001 + 10?
-1011101000011111
In base 7, what is -5 + 560364?
560356
In base 8, what is 7651671 - 3?
7651666
In base 13, what is 13 + 5a3?
5b6
In base 6, what is -12044 + -133?
-12221
In base 8, what is -14511 - 4?
-14515
In base 2, what is -101010100010011011 + -100?
-101010100010011111
In base 4, what is 3 - -102230112?
102230121
In base 7, what is 2 + 51366?
51401
In base 10, what is -112971 + 2?
-112969
In base 6, what is 52114 + -1010?
51104
In base 8, what is -5 - 731007?
-731014
In base 2, what is 10110010 + 100110?
11011000
In base 10, what is 1858056 + 4?
1858060
In base 3, what is 1202201200 - 1?
1202201122
In base 5, what is 2012004 - 4?
2012000
In base 13, what is -b7a7 - 3?
-b7aa
In base 11, what is -9a - 982?
-a71
In base 3, what is -210222220 - 1011?
-211001001
In base 6, what is 1135404 - -2?
1135410
In base 4, what is 211 + 10312200?
10313011
In base 10, what is -4471 + -44?
-4515
In base 12, what is -3b - -4a21?
49a2
In base 11, what is -94 + 7568?
7484
In base 13, what is 0 + 22c8?
22c8
In base 15, what is -1d9ca - -8?
-1d9c2
In base 11, what is 71 - -2a87?
3048
In base 11, what is -5253 - 5?
-5258
In base 9, what is 35 + -20566?
-20531
In base 9, what is 5 + 37782?
37787
In base 3, what is 12221102221 - -12?
12221110010
In base 3, what is -22122200 - 101?
-22200001
In base 8, what is 1346 + 436?
2004
In base 9, what is 4277357 - -2?
4277360
In base 6, what is -13230345 - 5?
-13230354
In base 6, what is -14 + -12015?
-12033
In base 16, what is 1b3e6 - 4?
1b3e2
In base 10, what is -63135 - 40?
-63175
In base 10, what is -33963 - 1?
-33964
In base 15, what is -44c - -9?
-443
In base 2, what is -10001 + -1110001100001?
-1110001110010
In base 9, what is 1417 + 24?
1442
In base 16, what is 4 - -2bd36?
2bd3a
In base 14, what is 3a8 + -10?
398
In base 16, what is -20 - 13f3?
-1413
In base 7, what is 5 - 24454?
-24446
In base 9, what is -28 + -11872?
-12011
In base 14, what is 22251 - 2?
2224d
In base 16, what is 18 - 18b0c?
-18af4
In base 7, what is -242 + 4365?
4123
In base 9, what is 6325505 + 3?
6325508
In base 10, what is 1397 + 4?
1401
In base 7, what is 65065 - -30?
65125
In base 2, what is -11001100111001101011 - 100?
-11001100111001101111
In base 2, what is -1000101 - 111011111?
-1000100100
In base 7, what is -45266 + -101?
-45400
In base 13, what is -a1 + -138?
-209
In base 15, what is -ea4c - -1?
-ea4b
In base 12, what is b6 + -a3?
13
In base 7, what is 0 + -3343?
-3343
In base 5, what is 3 - 13001433?
-13001430
In base 7, what is -2005 - 12?
-2020
In base 11, what is 5 - a558?
-a553
In base 12, what is 5 + -25a3?
-259a
In base 7, what is -105313152 - 5?
-105313160
In base 9, what is 4 - 6856?
-6852
In base 11, what is 35 + -1a46?
-1a11
In base 15, what is -29db0 - -2?
-29dad
In base 12, what is 128 + -222?
-b6
In base 3, what is -102011122 + 102?
-102011020
In base 7, what is 30060 - -334?
30424
In base 12, what is 2 - 4b2750?
-4b274a
In base 11, what is 1 + 28198?
28199
In base 16, what is -999 - -2?
-997
In base 7, what is 1130 + 1616?
3046
In base 2, what is 100000010 + 11001111?
111010001
In base 11, what is -191 + 47a0?
460a
In base 9, what is -20160 + 8?
-20151
In base 14, what is 74ac - -5?
74b3
In base 15, what is 72ca9 + -1?
72ca8
In base 2, what is -101111000100 - 100000?
-101111100100
In base 14, what is 26b + 1160?
13cb
In base 6, what is -1354 + -100?
-1454
In base 9, what is 244000 - 14?
243875
In base 14, what is -2 - -53695?
53693
In base 3, what is 110 - -1220021001?
1220021111
In base 9, what is -2874 + -578?
-3563
In base 9, what is 116 + 3000?
3116
In base 4, what is 103 - -33100?
33203
In base 14, what is -1 + 5a294?
5a293
In base 12, what is 0 + 3501?
3501
In base 6, what is 20200022 - 2?
20200020
In base 13, what is -202551 - 1?
-202552
In base 14, what is -8982 - -11?
-8971
In base 15, what is -61dab + 3?
-61da8
In base 5, what is -133 + 1413023?
1412340
In base 6, what is -10250 + -102?
-10352
In base 13, what is -1 - 23419?
-2341a
In base 8, what is -4 - -12736?
12732
In base 11, what is a267 + -112?
a155
In base 13, what is -1342b9 - 4?
-1342c0
In base 10, what is 238 - 1882?
-1644
In base 15, what is -58 - b54?
-bac
In base 3